 the first derivative of -2*j**3 + 0*j - 6 + j**2 - 1/24*j**4. Let b(v) be the second derivative of r(v). What is b(-5)?
-7
Suppose 4*m + 12 = 0, -3*w - 4*m + 15 = -7*m. Let n(s) = -9306*s**3 - 11 + 3*s + 10 + 9305*s**3. Determine n(w).
-3
Let d(l) = -l**3 + l + 1. Let u be d(-2). Let q = 9 - u. Let a(t) = -5*t**2 + 6*t**q - 6*t - 4 + 12. Calculate a(6).
8
Let q(x) = -2*x**3 + 6*x**2 + 6*x + 1. Let w(u) = u**3 - u + 1. Suppose 43*m - 41*m = 2. Let c(n) = m*q(n) + w(n). Give c(7).
-12
Let t(y) = -2*y. Let k be t(2). Suppose 0 = 3*q + 10 - 7. Let n(i) = 6*i**2 + 7*i + 5. Let d(x) = x**2. Let g(m) = q*n(m) + 5*d(m). Determine g(k).
7
Suppose 30 = -4*z - z + 5*c, -4*z - 2*c = 18. Let y(m) = 4*m + 5. Let n be (-10)/15 - 5/(-3). Let w(d) = d + 1. Let x(p) = n*y(p) - 5*w(p). Calculate x(z).
5
Let d(o) = o - 14. Suppose -23*x - 3*x + 234 = 0. Give d(x).
-5
Suppose 0*m = m. Let x(r) = 5*r - 4*r + 5*r - 5*r - 1. Let i be x(m). Let l(c) = -c**2 + 1. Calculate l(i).
0
Let k(t) = 31*t**2 + 23*t + 102. Let i(p) = 11*p**2 + 8*p + 35. Let a(c) = -17*i(c) + 6*k(c). What is a(-4)?
-7
Let l(s) = -3*s + 3*s + 0*s + s + 1. Let q = -50 - -51. Give l(q).
2
Suppose -s + 11 = 3*k, 0 = -3*s - 0*k - 5*k + 37. Let a(o) = s*o**2 - 6*o + 3*o + o**3 - 2 - 11*o**2. Calculate a(-4).
-6
Suppose -20 = 4*m - 6*m. Let r(q) = 0 - 12*q**2 + m*q**2 - 5*q**3 - 1 + 2*q. Suppose -40 = 3*j - 43. What is r(j)?
-6
Let b(t) = 2*t + 22. Let a be b(6). Suppose -6*v - 10 = -a. Let s(g) = -2*g**2 + 6*g - 3. Determine s(v).
-11
Let q(c) = -5*c**3 - c - 3 - 8*c**2 + 6*c**3 - 6 + 8*c. Give q(7).
-9
Let h(k) = 4*k + 1. Let g(y) = y**2 - 2*y + 2. Let q be g(5). Suppose a = -3*a + z + q, -21 = -2*a + 3*z. What is h(a)?
13
Let t(f) = -f - 1. Let y(u) = -6*u + 6. Let i(n) = -2*t(n) + y(n). Let z(h) = -h + 1. Let a(s) = -i(s) + 5*z(s). What is a(-8)?
5
Let j(x) be the third derivative of x**5/60 - x**4/6 - 5*x**3/6 - x**2 + 4. Let i(g) = -4*g**2 + 3*g**2 - 4*g - 5*g + 6. Let n be i(-9). Determine j(n).
7
Let q = 89 + -84. Suppose 5*m + q = -5*l, -7*m = -2*m + l + 21. Let r(w) = w**3 + 4*w**2 - 5*w - 1. Give r(m).
-1
Let g = 22 + -19. Let u(o) = o**3 - 2*o**2 - 2*o + 2. What is u(g)?
5
Let g(x) = -x**3 - 7*x**2 - 7*x - 5. Let r be 20/(-12) + 12/(-9). Let n be 6*r/(-12)*-4. Give g(n).
1
Let n(x) be the first derivative of x**2/2 - 4*x - 171. Give n(3).
-1
Let p(s) be the third derivative of 1/6*s**4 - 1/2*s**3 + 13*s**2 + 0 + 0*s - 1/15*s**5. Give p(2).
-11
Let r(i) be the first derivative of i**6/90 - i**5/120 - i**4/12 + 7*i**3/3 + 12. Let z(v) be the third derivative of r(v). Determine z(-2).
16
Let u = 16 + -11. Let j(k) = -k**2 - 3*k - 6. Let y(r) = r**2 - r. Let v(l) = -j(l) - 2*y(l). Give v(u).
6
Let h = 563 - 562. Let n(c) = -2*c**3 - 5*c**2 - 4*c. Let p be n(-3). Let x be -16 + p - (h - 0). Let f(u) = u**3 - 6*u**2 + 4*u + 4. Calculate f(x).
-12
Let u(n) be the first derivative of n**4/2 + 2*n**3 + 3*n**2/2 - 2*n - 127. Calculate u(-3).
-11
Let g(w) = -5*w + 9. Let p(v) = -v + 2. Let c(t) = -g(t) + 3*p(t). Suppose -2*l - 4 = -10. Calculate c(l).
3
Suppose 35*f - 257 = 23. Let m(o) = o**2 - 10*o + 7. Determine m(f).
-9
Let h(a) = -5 + 293*a**2 - 13 - 295*a**2 - 11*a. Let y = -22 + 15. Let f(p) = -p**2 - 6*p - 9. Let u(t) = y*f(t) + 3*h(t). Give u(-8).
1
Let x = -1445 - -1443. Let a(n) = 10*n**2 + 2*n - 1. Calculate a(x).
35
Let o(l) be the first derivative of -1/3*l**3 - 2*l**2 - 2*l + 49. Give o(-3).
1
Let w(g) = -18576 + 37157 + 5*g + 0*g - 18559. Give w(-7).
-13
Let f(a) = -2 + 3*a - 5*a - 8*a + 11*a. What is f(5)?
3
Let g(s) = -s**2 + 7*s + 12. Let w(r) = -2*r**2 + 15*r + 24. Let x(z) = 9*g(z) - 4*w(z). Let a be x(5). Let j(u) = u**3 - 3*u**2 + 2*u + 1. Calculate j(a).
1
Let k = 926 + -916. Let t(u) = u**2 - 7*u - 18. Determine t(k).
12
Let k(a) = a - 5. Let l be k(7). Let w(x) = -2 + 5 + x - 4 + x**l. Calculate w(1).
1
Let x(p) = p**2 + 20*p - 32*p - 1 + 6*p. Give x(5).
-6
Let u(b) = -b + 3. Suppose -3*v - 6 = -0*v. Let g(y) = 2. Let t(p) = v*u(p) + 3*g(p). Let c be (9 - 5) + 18/(-2). Give t(c).
-10
Let u(g) = -2*g**3 - 17*g**2 - 7*g + 9. Let b be u(-8). Let t(q) = -3*q + 2. Give t(b).
-1
Let c(f) = -f + 6*f - 3 + 6*f + 10. Give c(-4).
-37
Suppose u - 3 = 2. Let a(z) = 82*z**2 - 14*z - 16. Let x(o) = 29*o**2 - 5*o - 6. Let v(s) = 6*a(s) - 17*x(s). Determine v(u).
-14
Let j be (-3 + 1 - -13) + -4. Let g(z) = z**2 + z + 14. Let i(m) = -2*m**2 - 3*m - 29. Let t(c) = 13*g(c) + 6*i(c). What is t(j)?
22
Let s = -23 + 76. Let t = 39 - s. Let h(q) = -q - 10. Determine h(t).
4
Let h be (1 - -1) + -6 - -2. Suppose 0 = x + 2*n - 90, -3*x + 4*x + 4*n = 94. Let l(d) = -75*d - x*d + 168*d + 2. What is l(h)?
-12
Suppose 17 = 4*f - i, i - 13 = -0*f - 2*f. Suppose v = 3*v - f*g + 3, 2*v + 4 = 4*g. Let k(z) = -z**2 - 5*z - 6. Calculate k(v).
-2
Let z(m) = 7*m + 5. Let j be 6 - (6 + (-17 - -6) + 6). Calculate z(j).
40
Let n(l) = -30*l**3 - 58*l**2 + 63*l + 80. Let b(p) = 11*p**3 + 19*p**2 - 21*p - 27. Let o(j) = -11*b(j) - 4*n(j). Determine o(22).
-1
Let l be 34/14 - (-24)/42. Let w(u) = -2*u**2 + 2*u + 4*u - u - l*u. Give w(2).
-4
Let s(q) be the third derivative of q**5/60 - 3*q**4/8 - 5*q**3/6 - 54*q**2 + 1. Suppose 0*u - 2*u + 10 = 0. What is s(u)?
-25
Suppose -h + 18 = 3*j, 3*j - 1 - 5 = h. Let x(y) = -9*y + 6*y**3 + 8 - 2*y**3 - 12*y**2 + 7*y**2 - 3*y**3. What is x(h)?
-10
Let j(s) = s - 6. Suppose -16*o + 22 - 102 = 0. What is j(o)?
-11
Suppose -3 - 25 = -4*a. Suppose s = -a - 0. Let z(l) = l**2 + 8*l + 2. Calculate z(s).
-5
Let k(r) = -r + 1. Let t(a) = a**2 + 4*a + 7. Let w(s) = -2*k(s) + t(s). Let b = -59 + 56. Let v = b - 2. Give w(v).
0
Suppose -126*q + 180 = -135*q. Let b(a) = 2*a + 41. Determine b(q).
1
Let l(k) = 7*k**2 + 2*k - 1. Let n = 1 - 3. Let c(r) = 3*r**2 + 1142*r - 1146*r - 4*r**2 - 3. Let d be c(n). Give l(d).
8
Let q(n) = -n**2 - n + 3. Suppose -4*j + 3 + 17 = 0. Suppose -j + 11 = -3*k. Let x be 3*k*(-5)/(-10). Determine q(x).
-3
Let l be (-15)/(-2)*(-2)/(-5). Let c(z) = z - 4 - 8 + l - 2. What is c(5)?
-6
Let l(j) = 7*j**3 - j**2 + j + 1. Let f(m) = -m. Let b be f(-3). Suppose 0*k = 2*k - d - 8, -2*d = -b*k + 12. Suppose k = c - 5*c. What is l(c)?
-8
Let z = 60 + -59. Let y(u) = -7*u**3 - u**2 + u. Give y(z).
-7
Let v(j) be the first derivative of j**4/4 + 2*j**3/3 + j**2 + 3*j - 370. Give v(-2).
-1
Let l(r) = 0*r**2 + 0*r**3 - 3*r**2 - 2 + 0*r**3 + r**3 + 3*r. Let h = -153 - -155. Give l(h).
0
Let q(g) be the third derivative of -1/120*g**6 + 7*g**2 - 3/2*g**3 + 0*g - 1/10*g**5 + 0 - 1/6*g**4. Give q(-6).
15
Let h(d) be the first derivative of d**2 - 3*d + 68. What is h(5)?
7
Let p(s) be the first derivative of s**4/4 + 7*s**3/3 + 3*s**2 + 7*s + 260. Suppose 3*d - 12 = -d. Suppose -2*w - d = 9. Give p(w).
7
Let i(o) = -2*o**2 + 5*o + 3. Suppose l + 5*k + 26 = 2*l, 0 = -l + k + 14. Suppose -l*u = -4*u - 28. What is i(u)?
-9
Let o(z) = 6*z**2 - z. Let f be o(2). Let v(c) = 21*c - f*c - 9 - 9. Determine v(0).
-18
Let s(h) be the first derivative of -1/4*h**4 - 4/3*h**3 + 5*h + h**2 - 5. Let p = -31 + 27. Determine s(p).
-3
Suppose h = -0*h - 5*a + 17, a = 5*h - 7. Let n(r) = -r**2 + 3*r - 3. What is n(h)?
-1
Let c(j) be the first derivative of -j**4/6 + j**3/6 - j**2 + 6. Let v(x) be the second derivative of c(x). What is v(-1)?
5
Let v(k) = 24*k - 15 - 13*k - 7*k - 1 + 36. Give v(-7).
-8
Let f(y) = -y**3 + 7*y**2 - y + 7. Let o be f(7). Let a(x) = -5*x**2 + 6. Let b(g) = -4*g**2 + 6. Let j = -53 + 49. Let u(v) = j*b(v) + 3*a(v). Give u(o).
-6
Let x(w) = -w + 1. Let z(h) = h**2 + h + 1. Let v(o) = x(o) - z(o). Let g(k) = k**2 - 3*k - 4. Let c be g(3). What is v(c)?
-8
Suppose 2*s + 26 = 20. Let x(u) = 4*u**2 + u + 2. Let q(g) = -3*g**2 - 1. Let t(y) = -5*q(y) - 4*x(y). Calculate t(s).
0
Let y(w) = -w**2 - 3*w - 2. Let q(o) = -2*o**2 - 6*o - 4. Let v(u) = -3*q(u) + 5*y(u). Let l = -10 + 18. Let z = -11 + l. Give v(z).
2
Suppose i - s + 3 = 20, 0 = i + 5*s - 47. Let v be 12/(-30) + i/5. Suppose -10 = f - v. Let j(b) = b**2 + 6*b - 3. Give j(f).
-3
Let u be 4/6*(-18)/(-6). Let o(k) = -2*k - 7. Let q(s) = -2*s - 6. Let r(x) = u*o(x) - 3*q(x). Suppose z + 0*z + 5 = 0. Calculate r(z).
-6
Suppose -7*z + 12*z - 5*t + 30 = 0, -3*t + 9 = 0. Let d(r) = r**2 + 7*r + 3. What is d(z)?
-9
Let u(